24260?
-24255
In base 4, what is -30 - -222003?
221313
In base 5, what is -2 - -233022?
233020
In base 9, what is 2612 + -78?
2523
In base 10, what is 2989 - -3?
2992
In base 11, what is -2 - 44629?
-44630
In base 11, what is 3 + -15485?
-15482
In base 6, what is -425012435 - -1?
-425012434
In base 11, what is -21735 - 138?
-21872
In base 10, what is -2587 + 30?
-2557
In base 7, what is -225 - 1000?
-1225
In base 16, what is 39 - -1c28?
1c61
In base 2, what is 10101011110011 - 110?
10101011101101
In base 6, what is -1 - -3422114?
3422113
In base 16, what is -197c1 - 5?
-197c6
In base 10, what is 5 + 292325?
292330
In base 4, what is 10 + -23212213?
-23212203
In base 6, what is 2 - -2423232?
2423234
In base 16, what is 4bb + 0?
4bb
In base 5, what is -411341 + 3?
-411333
In base 13, what is 0 + 30877?
30877
In base 2, what is -10101 + 101101110011?
101101011110
In base 11, what is 50130 + 3?
50133
In base 6, what is -2 + -232150?
-232152
In base 9, what is 4 + 66282?
66286
In base 4, what is 113321 - 132?
113123
In base 5, what is -10003122 - -2?
-10003120
In base 15, what is 29 + 976a?
9794
In base 14, what is 863dbb + 5?
863dc2
In base 7, what is 152 + -1513?
-1331
In base 5, what is -131411 + -202?
-132113
In base 12, what is 13910 + -75?
13857
In base 16, what is -5b + 66?
b
In base 15, what is -478d2 - -3?
-478ce
In base 2, what is -100010001100 + -1000101111?
-101010111011
In base 8, what is 22 + -336356?
-336334
In base 12, what is 5b5b6 - 2?
5b5b4
In base 11, what is -49 + -1206?
-1254
In base 10, what is -17752 + -11?
-17763
In base 3, what is -12000 - 1012112?
-1101112
In base 15, what is -b3 - 50?
-113
In base 5, what is -21103 + -1?
-21104
In base 11, what is -6 + -79100?
-79106
In base 14, what is 22 + -66b?
-649
In base 6, what is 1 + 50322?
50323
In base 9, what is -11 - -3018?
3007
In base 10, what is -4 - 43181?
-43185
In base 5, what is -10 + -4122423?
-4122433
In base 5, what is 1220222 - 104?
1220113
In base 13, what is -1a - -c33?
c16
In base 8, what is -1 - -1546027?
1546026
In base 16, what is 3 + -27d52?
-27d4f
In base 4, what is -131 - -1011030?
1010233
In base 14, what is -192a5 + 1?
-192a4
In base 5, what is 120041 + -1011?
114030
In base 12, what is 4 - 44406?
-44402
In base 14, what is -1 - -54688?
54687
In base 6, what is 205015 - 2?
205013
In base 5, what is 0 + 140030140?
140030140
In base 9, what is -332740 - -3?
-332736
In base 4, what is -3001 + 1110?
-1231
In base 9, what is 2 - 162410?
-162407
In base 16, what is 1 + -440?
-43f
In base 12, what is 6 + 44a3?
44a9
In base 14, what is 4 - -da575?
da579
In base 5, what is -311103 - 13?
-311121
In base 12, what is 1aa0aa + -4?
1aa0a6
In base 14, what is 2ad9 + 3?
2adc
In base 11, what is 5 + 2332?
2337
In base 12, what is -6a - 96a6?
-9754
In base 2, what is -101 + 1001011001110?
1001011001001
In base 7, what is 3 - 6244121?
-6244115
In base 13, what is -43 + -148?
-18b
In base 9, what is -60218 + 18?
-60200
In base 7, what is 3 - -305332?
305335
In base 4, what is 122210 - -102?
122312
In base 8, what is 371327 + 3?
371332
In base 12, what is 2316 - -4?
231a
In base 10, what is -4577 - -16?
-4561
In base 11, what is -9 - -299a?
2991
In base 5, what is 1012 - 40232?
-34220
In base 3, what is -102120 - 12000?
-121120
In base 16, what is 6 - -8d11b?
8d121
In base 12, what is 236 + -2106?
-1a90
In base 7, what is -3266 - 1013?
-4312
In base 13, what is 5 - c465?
-c460
In base 5, what is 2442 - 140?
2302
In base 3, what is -21200 + -1111222?
-1210122
In base 10, what is 1 + -1742?
-1741
In base 15, what is 3 - bb811?
-bb80d
In base 10, what is -297243 - 8?
-297251
In base 2, what is 1000101001111001 + 1001?
1000101010000010
In base 6, what is -3121115 + 10?
-3121105
In base 14, what is 1531da + -5?
1531d5
In base 13, what is 3 - -23208?
2320b
In base 3, what is -11200111 - 0?
-11200111
In base 13, what is 1953 + -c?
1944
In base 16, what is 133d0 + -2?
133ce
In base 8, what is 2 + 16527?
16531
In base 12, what is 3 - -217001?
217004
In base 9, what is 314302 + -2?
314300
In base 13, what is 5 + -12982?
-1297a
In base 14, what is 4b48 + -5?
4b43
In base 7, what is -11220 - -163?
-11024
In base 12, what is -1554 - 14b?
-16a3
In base 11, what is -17 - 24?
-40
In base 7, what is -5201253 - -5?
-5201245
In base 13, what is -3 + -7346?
-7349
In base 8, what is -311 + 72?
-217
In base 14, what is 3 + 341c?
3421
In base 9, what is 1635 + 21?
1656
In base 12, what is -13638 - -23?
-13615
In base 10, what is -17 + 3327?
3310
In base 4, what is -11 - 220332210?
-220332221
In base 16, what is 2 - 20950?
-2094e
In base 5, what is -103 - 110210?
-110313
In base 13, what is -143 - 590?
-703
In base 8, what is 27577 + 0?
27577
In base 6, what is 142051 - 0?
142051
In base 7, what is 23301041 - -1?
23301042
In base 2, what is -1100100011000 + -1011101?
-1100101110101
In base 13, what is 4 + 3402?
3406
In base 16, what is 7 + cb42?
cb49
In base 10, what is -2790 + 89?
-2701
In base 12, what is 4 - -5b500?
5b504
In base 7, what is -6 + 305?
266
In base 3, what is -100 - 2021121?
-2021221
In base 10, what is 55 - 63207?
-63152
In base 8, what is 156 + 33376?
33554
In base 7, what is 15 + -103062?
-103044
In base 13, what is -30 - 44c?
-47c
In base 15, what is 1ab6 - -47?
1b0d
In base 7, what is 20 - -1361?
1411
In base 6, what is -11155422 - 13?
-11155435
In base 13, what is -11 - -c3a?
c29
In base 16, what is -c + 1220?
1214
In base 3, what is -212 + -2020212120?
-2020220102
In base 5, what is -102 - 3012?
-3114
In base 7, what is 126 + 2103?
2232
In base 9, what is 2348 + 606?
3055
In base 5, what is 11231 - 1313?
4413
In base 5, what is 143034 - 4?
143030
In base 8, what is -56030 + 10?
-56020
In base 12, what is 797615 - -3?
797618
In base 2, what is 0 + 1100001110010010000?
1100001110010010000
In base 15, what is 551 - 2?
54e
In base 2, what is -1100000001 - 101110000?
-10001110001
In base 7, what is -52562 + -11?
-52603
In base 13, what is 304 + 14?
318
In base 3, what is -2 + 1000220010211?
1000220010202
In base 9, what is 33 - -2143?
2176
In base 8, what is 2 + 1570755?
1570757
In base 13, what is -96 + 1c3?
12a
In base 4, what is 10 + -1023023210?
-1023023200
In base 8, what is 2313 + 3076?
5411
In base 10, what is 6 + -315?
-309
In base 16, what is -136b + -1fe?
-1569
In base 12, what is 38346 + 1?
38347
In base 12, what is -224a + -2?
-2250
In base 7, what is 5 - 14241463?
-14241455
In base 15, what is 6 + -112?
-10b
In base 4, what is 3 + -221023230?
-221023221
In base 9, what is 0 - -84672?
84672
In base 9, what is -552 + 23164?
22512
In base 10, what is -1834 - 4?
-1838
In base 7, what is -65366 - -11?
-65355
In base 2, what is -101100001110 + -10?
-101100010000
In base 12, what is -1 - 53b?
-540
In base 11, what is -423 - -4766?
4343
In base 16, what is a9f + 41?
ae0
In base 3, what is 10 - -21121021221?
21121022001
In base 6, what is 3 - 514433?
-514430
In base 2, what is -1101011 + 1001110?
-11101
In base 6, what is -250 + -12?
-302
In base 12, what is 10 + -3062?
-3052
In base 9, what is 3 - 17856?
-17853
In base 16, what is 19771 + 38?
197a9
In base 13, what is 186 - c503?
-c34a
In base 15, what is -20688 + -c?
-20695
In base 2, what is -1011001001110 - 101?
-1011001010011
In base 16, what is a + 65a?
664
In base 4, what is 0 + 123222112?
123222112
In base 3, what is 102 - -2001200201?
2001201010
In base 12, what is 12 - -25b79?
25b8b
In base 11, what is -8a1a + 17?
-8a03
In base 7, what is -11155 - 344?
-11532
In base 4, what is 11 - -321103312?
321103323
In base 7, what is 2404 - -4600?
10304
In base 10, what is -960 - -194?
-766
In base 2, what is -1000110110100011 - 0?
-1000110110100011
In base 7, what is 432 + 2640?
3402
In base 10, what is -256 + 16?
-240
In base 12, what is 5 - 145229?
-145224
In base 5, what is -40 + -11004?
-11044
In base 9, what is 7 + -1431?
-1423
In base 15, what is 565 - -2?
567
In base 12, what is a - -123a?
1248
In base 13, what is -2 - -1bc13?
1bc11
In base 11, what is 3 + -4a56?
-4a53
In base 6, what is -4 + -232100?
-232104
In base 2, what is 0 - -11100000011010?
11100000011010
In base 16, what is -6895 + -3?
-6898
In base 11, what is -116a - 22?
-1191
In base 2, what is -100111110 - 100001011100?
-100110011010
In base 7, what i